 + 7. Determine x(-5).
402
Let f(n) = 3*n**3 - 22*n**2 + 55*n - 2. Determine f(5).
98
Let f(i) = i**3 - 12*i**2 + 10*i + 154. What is f(9)?
1
Let n(q) = q - 5. What is n(5)?
0
Let y(h) = -10*h**3 + 11*h**2 - 32*h - 30. What is y(3)?
-297
Let d(u) = u**3 - 31*u**2 - 99*u - 122. Determine d(34).
-20
Let z(x) = x**3 - 129*x**2 + 371*x + 856. What is z(126)?
-26
Let l(b) = -b**3 - 18*b**2 + 68*b + 69. Determine l(-21).
-36
Let p(x) = -3*x**2 + 31*x - 6. Determine p(7).
64
Let p(j) = 17*j**2 - 173*j + 171. Give p(1).
15
Let q(f) = 4*f**3 + 477*f**2 - 357*f + 366. Calculate q(-120).
6
Let p(u) = 2*u**2 - 74*u + 265. What is p(4)?
1
Let q(g) = 3*g**3 + 59*g**2 - 18*g - 9. Determine q(-20).
-49
Let l(x) = -x**2 - 787*x + 92673. Calculate l(104).
9
Let q(a) = -a**3 - 23*a**2 - 115*a + 100. Calculate q(-9).
1
Let t(x) = -x**3 - 177*x**2 - 518*x + 704. Give t(-174).
8
Let a(l) = l**3 + 256*l**2 - 509*l + 1813. Determine a(-258).
7
Let y(q) = q**3 - 3*q**2 - 46*q - 25. Determine y(-5).
5
Let y(v) = -2*v**2 + 18*v + 15. What is y(24)?
-705
Let v(q) = -296*q - 289. Determine v(-1).
7
Let o(m) = 458*m + 3706. Calculate o(-8).
42
Let l(x) = -13*x - 61. Calculate l(15).
-256
Let k(q) = 7309*q + 102335. What is k(-14)?
9
Let s(p) = -21*p - 588. Calculate s(-27).
-21
Let v(m) = 65*m + 125. Determine v(-2).
-5
Let h(l) = l**3 - 100*l**2 + 1060*l - 381. What is h(88)?
-29
Let q(s) = -s**2 - 163*s - 5089. Determine q(-42).
-7
Let n(l) = 4*l**2 - 87*l + 37. Give n(18).
-233
Let p(v) = 3*v**2 - 12*v - 9. What is p(4)?
-9
Let z(n) = n**2 - 7*n - 689. Calculate z(-23).
1
Let i(v) = 6*v**3 - 33*v**2 + 37*v - 5. Calculate i(4).
-1
Let t(h) = 19*h + 382. What is t(-17)?
59
Let q(u) = 78*u + 5014. Determine q(-65).
-56
Let r(v) = 1022*v - 74615. Give r(73).
-9
Let y(d) = -d**3 - 156*d**2 + 160*d + 476. Determine y(-157).
5
Let r(n) = -428*n + 2913. What is r(7)?
-83
Let s(f) = -4*f**3 + 428*f**2 + 4*f - 418. Give s(107).
10
Let u(z) = -3*z**2 - 71*z - 58. What is u(9)?
-940
Let l(d) = -4*d - 124. Give l(-31).
0
Let w(g) = 3*g**2 + g - 26. Give w(0).
-26
Let o(b) = -24*b**2 + 10*b - 102. Determine o(5).
-652
Let m(h) = -h**3 - 86*h**2 + 196*h + 1788. Give m(-88).
28
Let q(h) = h**2 - 8*h - 55. Determine q(-19).
458
Let a(c) = -382*c**2 + 7*c + 1. Calculate a(-1).
-388
Let b(j) = 32*j - 3538. What is b(110)?
-18
Let f(l) = 73*l - 3614. Calculate f(50).
36
Let y(l) = 33*l**2 + 230*l + 8. Give y(-7).
15
Let f(m) = -m**3 - 12*m**2 - 5*m - 7. Determine f(-11).
-73
Let z(h) = 43*h**2 - 173*h - 1. What is z(4)?
-5
Let n(y) = -y**2 + 3895*y + 50819. Give n(-13).
15
Let m(i) = 2*i**3 - 5*i**2 - 28*i + 39. Give m(5).
24
Let a(q) = -q**2 - 121*q - 2871. What is a(-33)?
33
Let n(j) = 13*j - 381. What is n(30)?
9
Let g(o) = -o**3 + 2*o**2 - 8*o + 31. Calculate g(3).
-2
Let h(b) = -6*b**3 - 3*b - 4. What is h(-1)?
5
Let a(j) = -j**2 - 435*j + 10047. What is a(22)?
-7
Let f(b) = -141*b - 87. Give f(-3).
336
Let w(h) = -4966*h + 218508. Calculate w(44).
4
Let b(i) = -i**3 - 9*i**2 - 3*i - 10. Give b(-9).
17
Let o(d) = 1293*d - 9048. Give o(7).
3
Let u(t) = 15*t**3 - 72*t**2 - 13*t - 2. Calculate u(5).
8
Let n(f) = -7*f + 14. Calculate n(-11).
91
Let w(f) = 7*f**2 - 33*f + 47. Give w(3).
11
Let l(t) = 85*t + 2059. Determine l(-24).
19
Let m(x) = -x**3 - 21*x**2 - 18*x + 81. Calculate m(-20).
41
Let z(d) = d**2 + 110*d - 2020. Calculate z(16).
-4
Let r(h) = 88*h - 2189. Determine r(25).
11
Let q(x) = 15*x**3 + 2*x**2 + 4*x - 10. Calculate q(2).
126
Let r(l) = -4*l**2 + 49*l + 887. Calculate r(22).
29
Let m(j) = -j**2 - 110*j + 706. What is m(6)?
10
Let b(n) = 24*n + 868. Give b(-35).
28
Let n(q) = 2*q**2 + 32*q - 20. What is n(-15)?
-50
Let r(c) = -2*c**2 + 34*c + 77. Give r(-2).
1
Let k(b) = -27*b**3 + 53*b**2 + 2*b + 4. What is k(2)?
4
Let h(u) = 463*u - 3240. Determine h(7).
1
Let x(t) = -t + 76. Determine x(3).
73
Let z(o) = -o**3 + 80*o**2 + 79*o + 169. Calculate z(81).
7
Let b(a) = -49*a - 161. Determine b(1).
-210
Let p(u) = -2*u**2 + 607*u - 10808. What is p(19)?
3
Let t(z) = z**2 - 89*z + 1897. Determine t(35).
7
Let x(f) = 6888*f - 34437. What is x(5)?
3
Let z(q) = -120*q - 174. Determine z(-3).
186
Let w(n) = -3*n**2 + 26*n - 28. Determine w(10).
-68
Let d(w) = -78*w**2 - 1402*w + 41. What is d(-18)?
5
Let j(o) = o**3 + 29*o**2 + 138*o + 14. Give j(-23).
14
Let b(w) = -6*w**2 + 94*w - 316. What is b(11)?
-8
Let j(z) = 3*z**2 - 105*z + 48. What is j(35)?
48
Let m(z) = -1192*z + 4762. Determine m(4).
-6
Let u(m) = 24*m**2 - 49*m + 148. Give u(3).
217
Let q(y) = -6*y**2 - 1133*y + 254. Determine q(-189).
65
Let h(k) = -289*k + 75. What is h(0)?
75
Let u(k) = -k**2 - 6*k + 1224. Calculate u(32).
8
Let h(q) = 7*q**2 - 24*q - 169. Determine h(-6).
227
Let u(t) = -126*t - 29490. Determine u(-234).
-6
Let n(v) = -22*v - 3. What is n(0)?
-3
Let r(t) = t**3 - 11*t**2 + 18*t - 33. Determine r(10).
47
Let t(u) = -u**2 + 105*u - 2625. Determine t(65).
-25
Let x(i) = i**3 - 9*i**2 + 36*i - 103. What is x(7)?
51
Let q(z) = -4*z**3 + 12*z**2 + 10*z - 2. Determine q(-1).
4
Let y(g) = g**3 - 9*g**2 - 108*g - 53. Calculate y(16).
11
Let n(o) = 5*o**2 + 76*o + 29. Give n(-15).
14
Let l(a) = -238*a + 32124. Determine l(135).
-6
Let s(y) = 20*y + 260. Determine s(-14).
-20
Let n(c) = c**3 + 13*c**2 - 88*c + 30. Calculate n(-18).
-6
Let h(t) = 30*t**3 - 6*t**2 - 4*t + 8. Calculate h(1).
28
Let b(k) = -23*k**2 - 3*k - 14. Give b(-2).
-100
Let d(t) = -10*t**2 - 55*t - 108. Calculate d(-2).
-38
Let l(i) = -3*i**3 - 63*i**2 - 3*i - 54. Calculate l(-21).
9
Let x(n) = -n**2 - 691*n + 9149. Calculate x(13).
-3
Let f(n) = -3*n**2 + 13*n + 99. Determine f(10).
-71
Let l(f) = -2096*f + 25141. What is l(12)?
-11
Let z(y) = -y**2 - 167*y + 1033. What is z(-173)?
-5
Let b(p) = -5*p**2 - 60*p - 178. What is b(-8)?
-18
Let u(a) = -a**3 + 8*a**2 + 6*a - 10. What is u(8)?
38
Let v(s) = s**3 + 10*s**2 - 73*s + 15. Determine v(5).
25
Let i(b) = -b**2 + 16*b - 65. Give i(11).
-10
Let v(t) = 2*t**3 - 49*t**2 + 106*t + 75. What is v(22)?
-13
Let v(g) = -681*g + 4091. Determine v(6).
5
Let t(f) = -f**3 + 21*f**2 + 10*f - 16. Calculate t(21).
194
Let d(h) = -h**3 - 47*h**2 - 150*h - 4760. What is d(-46)?
24
Let s(t) = -t**2 - 24*t + 51. Determine s(-21).
114
Let o(p) = 638*p - 1918. Calculate o(3).
-4
Let l(i) = -321*i - 14011. Calculate l(-44).
113
Let q(w) = -406*w - 136. Calculate q(-1).
270
Let x(y) = y**3 - 4*y**2 - 32*y - 119. Calculate x(-5).
-184
Let u(w) = -w**3 - 2*w**2 + 8*w - 26. Determine u(4).
-90
Let p(r) = r**3 - 4*r**2 + 5*r - 9. Determine p(4).
11
Let z(k) = k**3 + 38*k**2 + 36*k + 196. Determine z(-37).
233
Let d(j) = 2*j**3 + 42*j**2 + 189*j + 57. Calculate d(-6).
3
Let w(q) = -258*q + 412. Determine w(2).
-104
Let i(x) = -x**2 - 6*x + 40. Give i(-9).
13
Let l(n) = -n**3 + 4*n**2 + 4*n + 2. Give l(7).
-117
Let v(a) = -1536*a - 15. Calculate v(0).
-15
Let r(t) = -17*t**3 + 11*t**2 - 7*t - 3. Calculate r(1).
-16
Let x(y) = -53*y + 52. What is x(3)?
-107
Let f(m) = 18*m**2 + 28*m - 692. Give f(-7).
-6
Let v(j) = -j**3 + 10*j**2 + 47*j - 54. Calculate v(13).
50
Let q(z) = 2*z**2 + 122*z + 1736. Give q(-38).
-12
Let v(x) = -12*x**2 + 58*x + 187. Give v(7).
5
Let k(u) = -7*u**2 + 2*u - 6. Give k(0).
-6
Let b(v) = -2*v**3 + 10*v**2 + 36*v - 36. Give b(7).
20
Let b(f) = 9*f**2 + 1669*f + 2400. Determine b(-184).
8
Let x(n) = -n**3 + 30*n**2 - 28*n + 1. What is x(29)?
30
Let z(c) = -6*c**2 - 45*c - 43. Give z(-6).
11
Let y(u) = u**2 - 48*u - 12. Determine y(49).
37
Let o(w) = w**3 - 197*w**2 - 1849*w - 1024. Give o(206).
6
Let j(g) = -g**2 - 47*g - 251. Give j(-6).
-5
Let v(n) = 4*n**2 + 20*n + 27. Give v(-2).
3
Let v(i) = -739*i + 41380. Give v(56).
-4
Let g(a) = -2*a**2 - 12*a - 44. Determine g(-5).
-34
Let d(c) = -4*c**2 + 258*c - 2261. Determine d(54).
7
Let s(q) = 39*q - 686. Determine s(18).
16
Let c(g) = g**3 + 79*g**2 - g - 26. Give c(-79).
53
Let c(l) = -7*l - 310. Calculate c(-43).
-9
Let f(c) = 4*c**3 + 2*c**2 + 16*c - 35. Determine f(2).
37
Let h(s) = -s**2 + 18*s + 6. Determine h(14).
62
Let q(l) = 15*l + 201. Calculate q(23).
546
Let r(o) = 83*o - 3406. Give r(41).
-3
Let v(w) = 232*w + 9. What is v(0)?
9
Let d(b) = 691*b - 24166. Give d(35).
19
Let d(l) = -2*l**3 - l**2 + 12*l + 41. What is d(-5)